 (-4 + (-2 - -8) + 1)?
6
Evaluate -14 + 15 + (-9 - 2).
-10
What is 8 - (13 - (-9 - -3))?
-11
-3 - (0 - (6 + -5))
-2
8 + -2 - (4 + -3)
5
78 + -82 + (11 - 1)
6
Calculate (2 + -14 - -6) + 0.
-6
What is the value of -4 - 4 - (-1 + -5)?
-2
What is the value of (-3 - 1) + 1 - 0 - -6?
3
Evaluate 10 + 5 + 10 + -19.
6
Evaluate -4 + (-5 - -1 - -9).
1
What is the value of 10 + (2 - 22 - -7 - -5)?
2
Calculate -1 - (-6 - (-4 - 3)).
-2
What is (25 + -24 - (1 - -3)) + 5?
2
What is (0 - 5) + 4 + 4?
3
Evaluate 2 + -6 + -2 + -48 + 54.
0
What is the value of 2 - -1 - (3 + (11 - 12))?
1
What is the value of -1 + -6 + 3 - -9?
5
Evaluate -12 + 8 + 15 + -7.
4
What is the value of -2 - 3 - -4 - (13 - 11)?
-3
Calculate 1 + 2 - ((2 - 5) + 3).
3
-1 - (5 + -5 + -1)
0
-1 + (-2 - (3 - 2))
-4
5 + -2 + -4 + -2
-3
What is the value of -21 + 27 - (-1 + 1)?
6
-2 - ((-8 - -3) + 2)
1
What is the value of 2 - (-4 + 2) - 6?
-2
7 - (3 + (4 - 5))
5
What is 5 + -5 + -3 + 4?
1
Evaluate 5 + -5 + 0 + 1.
1
Calculate 4 + 3 + -13 + 1.
-5
-11 - -21 - (16 + -7)
1
What is 1 + 0 - 0 - -2?
3
What is the value of -5 - (1 + (-1 - -1) + 1)?
-7
What is -9 + 0 + 1 + 3?
-5
Calculate 1 + 2 - (9 - (5 + -2)).
-3
4 - (2 - -9) - -4
-3
What is (-4 - 0) + 1 + (4 - 7)?
-6
Calculate -5 - (-1 - 1) - -3.
0
What is (9 - 8) + -1 + 1?
1
What is the value of (2 - (12 + -4)) + 2?
-4
What is the value of 13 - 13 - (-6 + 1) - 9?
-4
What is 3 - 10 - 3 - -2?
-8
-6 - (-10 - (-18 + 4))
-10
Calculate -5 + -4 + (13 - 7).
-3
Calculate (5 - -4) + -14 - (-1 - 2).
-2
Calculate (2 - -10) + -6 + 0.
6
1 + 0 - 0 - (-3 + -1)
5
Calculate (12 - (1 + 7)) + -5.
-1
What is the value of -3 - 9 - -11 - -8?
7
Evaluate (1 - 1) + (-5 + 13 - 14).
-6
Evaluate (3 - 9) + 4 - (-7 - -5).
0
What is 2 + (0 - -6) - 1?
7
What is the value of -2 + 7 - 9 - (0 + 0)?
-4
Calculate -12 + (-5 - (1 + -12)).
-6
What is the value of 3 + (0 - (2 + (0 - 1)))?
2
Evaluate (-10 - (-3 - 3)) + 1.
-3
-13 + -10 + (37 - 6)
8
Calculate (-3 - (-4 + (-3 - -9))) + 2.
-3
What is the value of (-5 + 3 - -6 - 8) + 3?
-1
Calculate -11 - -5 - -4 - (-3 + -2).
3
What is the value of -9 - (-24 + (17 - 10))?
8
What is (5 - 0) + (0 - 6)?
-1
-10 + 6 + 6 - 5
-3
What is (0 + 0 - 6) + -7 + 7?
-6
What is 4 + 1 + -31 + 28 - 4?
-2
Calculate 3 - (9 + -3) - -7.
4
(-9 - -13) + 4 + -3
5
Calculate -3 - (-2 + -1) - (7 + -9).
2
What is 5 - 1 - (-3 + 12)?
-5
What is the value of -8 + 1 + 4 + 1 - -5?
3
What is -3 + 0 + (-5 - 0) + 2?
-6
Calculate (-2 - -5) + 5 + -3 + -3.
2
Calculate (98 - 106) + 8 + 1.
1
Evaluate 10 - 2 - (22 + (7 - 13)).
-8
What is the value of -31 - -34 - (2 - -5)?
-4
2 + 2 - (3 + -3 + 3)
1
(-1 - -2) + (44 - 48)
-3
What is the value of -1 + (-2 - -3) - (-1 + 1)?
0
What is (-28 + 29 - (-2 + -1)) + 2?
6
What is (4 - (1 + 1)) + (-6 - -3)?
-1
What is the value of -1 + (0 - (1 + 1))?
-3
Calculate (33 - 21) + 0 + -9.
3
15 + -14 - (-5 - -2)
4
(-14 - -6) + 10 + -5
-3
What is 0 - (1 + (5 - 7))?
1
Evaluate 4 + (-8 - (-9 + 0)).
5
What is 4 - (7 - (7 - 5))?
-1
Evaluate -3 + (-6 - (-23 + 7)).
7
Evaluate 2 + -7 + -1 + 2.
-4
Evaluate 2 - ((0 - 3) + -2) - 4.
3
What is the value of -4 - (-7 + -6 + 6)?
3
What is the value of -6 - (11 - (5 + 10))?
-2
1 + 1 - (5 - 4)
1
Calculate 6 + -11 + (23 - 9).
9
What is the value of 2 - 5 - (-7 - (0 + -5))?
-1
What is the value of 7 + (-8 - (-3 - 0))?
2
Evaluate 2 - (3 - 3 - -3).
-1
(-76 - -72) + (-6 - -2)
-8
What is the value of 1 - (1 - (0 - 1))?
-1
What is the value of 2 + 2 + 0 + -2 + -7?
-5
-1 - (1 - 9) - (-74 - -86)
-5
-6 - -5 - (-3 + 6 + -3)
-1
0 - -1 - 3 - -2
0
Calculate -1 - (2 - (-2 - -3 - 0)).
-2
3 - (-5 + 5 - -2)
1
What is the value of 6 + 1 + -1 + -4?
2
Evaluate (6 - 6) + -4 + 7.
3
Calculate -1 + -4 + (8 - (14 + -5)).
-6
-3 - (-8 + 11) - 0
-6
What is the value of -1 + -2 + 0 + 4?
1
What is (1 - 5) + 6 + -4 + 5?
3
What is (-5 - (5 - 4)) + 6?
0
What is the value of 4 - (1 + -5 - -5)?
3
-1 + 3 + (-4 - (-7 + 3))
2
What is the value of (11 - 5 - -7) + -5?
8
Evaluate 12 + -5 + 0 + -2.
5
What is -59 - -47 - (0 + -22)?
10
Calculate (14 - (0 + 14)) + -1 + 0.
-1
-1 + 6 + (-3 - -3)
5
What is the value of 2 - 1 - (1 - (6 - 3))?
3
(-12 - -12) + 6 + -3 + 1
4
Evaluate -2 - (-6 + 1 + -6 + 8).
1
-3 - (-3 - -1 - (7 + -9))
-3
Evaluate 0 + -3 + 5 + 1.
3
What is the value of (-2 - (-5 + 2 + -3)) + 0?
4
Calculate -1 + 4 - -2 - (4 - 3).
4
What is the value of -6 + 3 + -2 + 6?
1
What is 8 + -15 + (14 - 3)?
4
What is the value of -3 + (2 - 5) + 9 + -2?
1
Evaluate 1 + (-2 - (4 - 4)).
-1
What is the value of (7 - 8 - -6) + -6?
-1
Calculate -3 + 11 - (-4 - -8).
4
Evaluate -2 + 6 + -6 + -3.
-5
What is 5 + -6 + (-1 - -3 - 3)?
-2
What is the value of (2 - -2) + (1 - 5) - -4?
4
What is the value of -17 - -3 - -1 - -11?
-2
What is the value of 4 - (-5 + 2 + 2 - -12)?
-7
What is the value of (-1 - 2) + 1 + 2 + -3?
-3
-5 + (0 - 1) + 11
5
Evaluate 0 + -7 + (82 - 71).
4
-5 + 5 + -8 + 6
-2
-6 - (7 - 1 - 15)
3
Evaluate 23 - (11 - -16) - (-14 - 0).
10
What is the value of (-4 - 0) + 6 + -12 + 6?
-4
Calculate 6 - 2 - ((-24 - -12) + 12).
4
What is the value of -9 - (1 + -10 - -6)?
-6
Evaluate (5 - 1) + 0 - 0 - 7.
-3
Evaluate -14 + 12 + (1 - -1) - 2.
-2
Calculate 2 + 0 - ((-5 - -17) + -7).
-3
What is the value of 3 + 5 + -13 - -9?
4
(0 - -2) + 3 + (1 - 10)
-4
(-10 - (5 - 9)) + 6
0
What is the value of -45 + 39 - (-4 - 1)?
-1
1 - (-1 + -2 + (0 - 0))
4
What is 3 + -1 + 7 + (8 - 13)?
4
Evaluate 1 + (-8 - (3 - 6)).
-4
Evaluate (1 - -4) + -2 + (-1 - 0).
2
What is 4 + -5 + (0 - -5)?
4
Evaluate 2 - (1 + 5 - (-22 + 25)).
-1
Evaluate (6 - 0) + -6 + 5.
5
What is the value of -10 - (-5 - (1 + (4 - 6)))?
-6
Evaluate 1 + -5 + -6 + 14.
4
Evaluate 5 + -3 + -5 - -5.
2
What is -10 - (3 + 3 - 11)?
-5
What is the value of 0 + 2 + (-4 - 3)?
-5
21 - 20 - (-1 + 4)
-2
4 + (0 - (-4 - -3))
5
What is (25 - 9 - 14) + (1 - -5)?
8
Calculate 11 + -14 - (1 + (0 - 4)).
0
Calculate 7 - (-6 + 8) - (0 + 0).
5
What is 2 + 0 + (-19 - -14)?
-3
What is the value of 0 - (-1 + 6) - (43 + -45)?
-3
What is the value of (3 + -5 - -7) + 0?
5
(-7 - -3) + 7 + 2
5
Evaluate -2 + -7 - (-4 + 0).
-5
What is -9 + (16 - 8) + 0 + 4?
3
What is the value of (4 - (-9 + 4) - 6) + 4?
7
11 + (-5 - 14) + 5 + 2
-1
Calculate 1 - -1 - (-4 + 3 + 3).
0
Calculate (-6 - (1 + -1)) + 4.
-2
(2 - 7 - -2 - -3) + -1
-1
What is 4 + -8 + 7 + 4?
7
Evaluate -5 + 3 + -1 - (-7 - -10).
-6
4 - (17 - (15 - 5))
-3
What is the value of (-4 - -4) + 6 - (11 + 0)?
-5
What is the value of -3 - (0 + (-1 - 0) - 1)?
-1
7 + -9 + 12 + -13
-3
Evaluate -8 - (-1 + (5 - (3 - -5))).
-4
Calculate (2 - 2 - 0) + 1 - 5.
-4
What is 2 + 0 - (-63 + 71)?
-6
Evaluate -12 - -18 - (5 - 0).
1
What is the value of (3 - 4) + 0 + 1?
0
Calculate -4 + -1 + (6 - 3 - 2).
-4
Calculate -2 - (2 - (-2 - -1)).
-5
-6 + 0 + (10 - (2 + 8))
-6
Evaluate -5 + 12 - (-3 + 6).
4
What is the value of -37 - -35 - (3 + 0)?
-5
What is 3 + (0 + 0 + -1 - -2)?
4
What is 10 + (-8 - -6) - 11?
-3
Calculate -2 - ((4 - 7) + 5 - 1).
-3
Evaluate 7 + -7 + 8 + -14.
-6
13 + -4 + (-1 - (-4 + 6))
6
What is -2 + -3 + 10 + -1?
4
-11 - (-22 - -13) - -8
6
What is (209 - 193) + 0 + -10?
6
4 + -1 - 7 - -4
0
What is -3 - (-6 + -9 - -7)?
5
What is 3 - (-4 + (4 - -6))?
-3
What is (3 + 0 - 1) + (-8 - -1)?
-5
Evaluate 4 + -5 + 0 + -1.
-2
Calculate 11 + -7 - (-2 + 5 + -5).
6
(251 - 255) + 13 + 1 + -2
8
What is 29 + -17 + 0 + -10?
2
Evaluate -11 + -6 + (14 - 6).
-9
What is the value of (-2 - 2) + 0 - (-16 - -15)?
-3
Calculate 6 + 2 + -3 - -1.
6
-19 + 22 - (7 + 0)
-4
-1 + (-3 + 2 - (-4 - -2))
0
Calculate 10 + -3 + -9 - -9.
7
What is the value of 24 + -20 + -3 + 2 + -6?
-3
What is the value of -4 - (-1 + -6 + -13) - 7?
9
Calculate -6 + (5 - 2) + -2 - -5.
0
What is the value of (25 - 21) + (1 - 1)?
4
Calculate 10 + (-5 - (12 + -5)).
-2
-8 - (-1 - (2 - -10))
5
Calculate (0 + -4 + 6 - 2) + -5.
-5
2 + (10 - (7 + -2)) + -4
3
Evaluate 0 + -4 - (-2 - (12 + -10)).
0
What is the value of 8 + -3 + -4 + -2?
-1
-3 + -8 + 11 + -3
-3
Evaluate 29 - 29 - (2 - -1) - -6.
3
Evaluate (-7 - -2) + 2 + 25 + -19.
3
What is -5 + (2 - 2) + 7?
2
Calculate 0 - (6 + (2 - (-3 - -9))).
-2
Evaluate (-5 - 0) + 8 - 1.
2
What is (-5 - 0) + 2 + 0 + 1?
-2
What is the value of -2 - ((-1 + 4 - 2) + 0)?
-3
What is the value of (-12 - (10 - 16)) + 5?
-1
Evaluate -3 - (4 - (0 + 3)).
-4
What is -1